-11*h**2 + 4*h**2 + 4*h**2 - 9*h + h**3 - 7 + 6*h**2. Let j(k) = -5*g(k) - 7*m(k). Is j(-7) a prime number?
False
Suppose 49*s = -34*s + 528959. Is s prime?
True
Let l = -60 - -73. Let d(h) = 4*h**2 + 10*h**2 - l - 11*h**2. Is d(-8) prime?
True
Suppose 10 + 42 = -x. Suppose -38*t + 25560 = 7*t. Is (t/(-16))/(((-2)/x)/(-1)) a composite number?
True
Let w(p) = -p**3 - 12*p**2 + 2*p - 24. Let a be w(-12). Let z = 49 + a. Is z - (-1466 - (5 + -1)) a prime number?
True
Let b be 149298/42 - (-1 - 15/(-21)). Suppose 2*q - 6*v + 11*v + 3547 = 0, 2*q - 3*v = -b. Is (-1 - (-4 + q))*1 prime?
False
Suppose 3*k + 9 = -x, -3*x = 2*x + 2*k + 19. Suppose 5*p + 2*c - 68 = 0, -7*p + 6*p = 3*c - 11. Is -2*(x*1 - 3381/p) prime?
False
Suppose 0 = 3*k - 2*o - 714, 2*k + 2*o - 476 = 5*o. Suppose 358 + k = l. Let f = l + 37. Is f prime?
False
Let c(f) = -688*f + 17. Let i(t) = 687*t - 18. Let n(x) = 7*c(x) + 6*i(x). Is n(-2) a composite number?
False
Let f(u) = -298*u - 41. Let m be (6/(-4))/(6/12). Is f(m) prime?
True
Is (-10850259)/(-45) - -2*9/135 prime?
True
Suppose 3*n = 3*j - 2*j + 11, 2*n - 6 = 2*j. Suppose 2*k = -n*g + 546, -576 = -g - 3*g + 4*k. Is g a composite number?
False
Is 24/(-32) - (-599031)/36 prime?
False
Let v(s) = -6*s**2 - 16*s - 9. Let p(o) = o**2. Let n(t) = 4*p(t) - v(t). Is n(-8) a composite number?
False
Let i(r) = -r**2 + 10*r + 168239. Is i(0) a prime number?
False
Suppose 7*d - d + 12 = 0. Let r be d - -5 - (9 + -3150). Suppose -q + 9*q = r. Is q a prime number?
False
Let k be 15 - 13 - (-4 - 0). Suppose -4*r + k = -18. Let i(q) = 18*q**2 + 7*q - 7. Is i(r) a composite number?
False
Suppose 720*s - 506 = 709*s. Is s composite?
True
Suppose 0 = -17*h + 12 + 22. Is -4737*(2/12)/(h/(-8)) a prime number?
False
Let n(d) = -725*d**3 + 5*d**2 + 11*d + 17. Let u(p) = -724*p**3 + 4*p**2 + 11*p + 18. Let v(a) = -3*n(a) + 4*u(a). Is v(-2) prime?
False
Suppose w - 4*w = -1563. Suppose 5*g + 107 = 3*o, 14*o - 11*o + 47 = -2*g. Let h = g + w. Is h composite?
False
Is (-41)/(-1*7/29883*3) prime?
False
Let a be 5*((-1281866)/(-30) - (-16)/(-24)). Suppose -a = 2*r - 7*r + 4*d, -2*r + 85456 = -2*d. Is r a composite number?
True
Suppose 0 = 3*x + 5*j - 5, 4*j + j = -2*x. Suppose 4*c - y + 4*y = 15109, -5*c - x*y + 18880 = 0. Let a = c + -2254. Is a a prime number?
False
Suppose -20*m - 4*m = 26*m - 3983450. Is m a composite number?
False
Suppose -5*r = -4*r + 4*z - 608, -4*r = 4*z - 2372. Let k = -229 + r. Is k a prime number?
True
Suppose 612928 = 36*z - 28*z. Suppose 0*i + z = 8*i. Is i composite?
True
Is 184983/1565*((-70)/(-3))/2 a composite number?
True
Let x(q) = q**3 - 7*q**2 + 11*q - 8. Suppose u - 2*u + 28 = 0. Let k be (-3 - (-66)/7) + (-12)/u. Is x(k) a prime number?
False
Is (1*6/(-15))/((-50)/60080875) a prime number?
True
Let w = 92 - 12. Let d = 80 - w. Suppose 2*b - 3*u + d*u - 818 = 0, b + 4*u = 431. Is b a composite number?
True
Let j(q) = -320*q - 85. Let w be j(-28). Suppose -w = -2*n - 2705. Is n composite?
True
Let f(c) = 10949*c**2 - 114*c + 334. Is f(5) a composite number?
True
Let n(w) = 3*w**2 + 6*w + 2. Let u be n(-2). Suppose -u*f - 2 = -16. Suppose f*a = 15*a - 6824. Is a composite?
False
Let k(f) = f**2 - f - 10. Let p be k(6). Let r = 22 - p. Suppose 0 = c + r*c - 1761. Is c prime?
True
Let b be (1/(-4))/(3 + (-26)/8). Let q be 4*2/(-4)*b. Is 1 - (-472 - (2 - -2)) - q a composite number?
False
Let y(b) be the second derivative of b**4/4 + 19*b**2/2 + 14*b. Let a be y(-17). Suppose m = -m + a. Is m composite?
False
Let h = -10985 + 6909. Let w = 7912 + h. Let v = -2463 + w. Is v a prime number?
True
Let n = 289832 + 107649. Is n a composite number?
True
Let h(p) = -65*p + 1 + 64 - 138*p + 0*p. Is h(-4) a prime number?
True
Let y(u) = 85*u**2 + 364*u + 59. Is y(-22) a prime number?
True
Let n = -57 - -50. Let j be (-2)/((-4)/(-514))*n. Let y = j + -808. Is y a composite number?
False
Let p = 7208 - 3445. Suppose -p = -76*z + 75*z. Is z a composite number?
True
Let i(z) = 102*z + 2. Let v = -21 - -29. Let p be i(v). Let c = p + 741. Is c a prime number?
True
Let f(j) = -2*j - 3*j**3 + 4 + 12*j - 4*j + 7*j**3 - 5*j**2. Let x be f(14). Suppose -2*z + x = 2*z. Is z a prime number?
True
Is (-45986)/(4 + (196/(-6))/7) a composite number?
True
Let y(h) be the first derivative of -7*h**5/120 + 3*h**4/8 + 11*h**3/3 - 10. Let a(x) be the third derivative of y(x). Is a(-10) composite?
False
Let l(k) = 7*k + 79. Let t be l(-10). Suppose 2*j = h - 51, -t*j = 5*h - 4*j - 300. Is h a composite number?
True
Suppose -5*n = 10, v - 21 = -0*n + 4*n. Suppose 19*b = v*b + 18. Suppose 4*s - 21206 = -k + 6*k, -b*k = 6. Is s a composite number?
True
Suppose -4*b = 2*y + 2410, 3 = -0*b - b. Let k = y - -3008. Let g = k - -74. Is g prime?
False
Suppose -3*c + 8*c + 60 = 5*r, 4*r = c + 15. Let k(m) = -m**2 - 10*m + 16. Let d be k(c). Suppose -6*o + d*o = -3389. Is o a prime number?
True
Let f be 27347/2 + 51/(-34). Suppose 50*g + f = 54*g. Is g prime?
False
Let u(x) = 22 + 8 + 60*x - 121*x. Let c be u(-8). Suppose -2*o + 5*m = o - 356, 4*o = -2*m + c. Is o composite?
False
Suppose -4*i - 4*t = -47465 - 3671, 5*t + 12826 = i. Is i a composite number?
False
Suppose 26*p - 24 = 20*p. Is -7 + 415 + (4 - (p - 1)) composite?
False
Let w(l) = 1035*l**2 + 35*l + 51. Is w(7) a prime number?
False
Suppose -x - 5*r = 1 + 22, -5*x - r = -5. Suppose -4*s = -x*w - 4702, -2*w + 0 = -6. Is s/(2 + 2 + -3) a prime number?
False
Let g(o) = -105*o**3 - 13*o**2 - 154*o + 279. Is g(-14) prime?
True
Suppose 321*b - 2*b = 66258002 + 416507. Is b a composite number?
True
Let j = -32028 - -232871. Is j a composite number?
False
Let n be 687/13 - 2/(-13). Suppose 0 = 59*t - n*t - 46902. Is t composite?
False
Suppose 6*n = -1068 - 1980. Let h = 4743 - n. Is h a composite number?
True
Let v = -1879 + 2004. Let m = 16 - 8. Suppose v + 2859 = m*c. Is c a composite number?
False
Suppose 0 = -7*m - 10*m + 338105 + 62262. Is m a prime number?
False
Suppose 802664 = 2*n + 5*w - 234120, -10 = -5*w. Is n prime?
True
Let j = 38 - 23. Suppose 2574*q = 2560*q + 2660. Suppose -5*f + j*f - q = 0. Is f composite?
False
Suppose 36*a - 5535465 = -29*a. Is a a prime number?
False
Suppose -353*h + 3342315 = -7298870. Is h a composite number?
True
Let p(h) = 915*h**2 + 4*h - 5. Let n(q) be the third derivative of -61*q**5/4 - q**4/6 + q**3 - 5*q**2. Let o(f) = -4*n(f) - 3*p(f). Is o(2) a composite number?
False
Let v(s) = 44*s**3 - 12*s**2 + 7*s - 38. Is v(15) prime?
False
Let a(v) = -681*v**3 + 3*v**2 + 13*v + 30. Is a(-5) prime?
False
Let z = 452 - 452. Suppose 5*l - 5462 = -2*f - z*l, 4*l = -2*f + 5466. Is f a composite number?
False
Let f(s) = 307*s**3 - 13*s**2 + 99*s - 190. Is f(7) prime?
True
Let t = 508 + -504. Suppose 19*n = 20*n + 5, -t*n - 14400 = -4*y. Is y a composite number?
True
Suppose -4*u + 5*u = -3194. Let w = u - -14003. Suppose -4*o + w = 5*o. Is o a prime number?
True
Suppose 6*b = 11*b + 2*u - 596045, 5*b = u + 596045. Suppose -b = -18*i + 844673. Is i a composite number?
False
Let d(v) = -3*v**3 - 56*v**2 - 28*v - 147. Is d(-34) composite?
True
Suppose 22847*n - 19765354 = 22833*n. Is n prime?
False
Let h(w) = 3974*w**2 + 184*w - 11. Is h(4) a composite number?
True
Let a(f) = 5*f + 17. Let s be 4/(-12) - (2 + 10/6). Let k be a(s). Is (-5934)/(-18) + 0 - (-2)/k composite?
True
Suppose 4*t = -3*y + 10313, 7739 = 3*t + 331*y - 333*y. Is t prime?
True
Suppose -20*c - 2*c = -1552144. Is 8/(-24) + c/12 a prime number?
True
Suppose -2*w = -4*r + 5*r - 16, -r - 3*w = -21. Let u be 33/r + (-2)/4 + 1. Suppose u*y + 8*y - 3542 = 0. Is y prime?
False
Let l(t) = 91375*t + 17. Let b be l(-3). Is (-7)/49 - b/14 a composite number?
True
Let a be 2/13 - 3072/(-1664). Let g = 395 - -1016. Suppose a*x + 41 = g. Is x prime?
False
Let o(y) = 3*y**2 - 13*y + 14. Let n be o(24). Let v = 1149 + n. Is v a composite number?
False
Let n = -68535 - -118558. Is n a prime number?
True
Let o be 1/3*(-18)/(-1). Is -172*o/(-8) + 4 prime?
False
Suppose -30 = 5*l - 17*k + 20*k, 4*k = l + 29. Is (-2437)/(l + (-72)/(-9)) composite?
False
Suppose -2*y = -19 + 11. Suppose 783 = -y*d + 4675. Suppose 3*z - 2500 = -d. Is z a prime number?
True
Let r = -7 + 5. Let k = r + 33. Suppose 0 = v - 2*v + k. Is v a prime 